{"id":1237,"date":"2016-01-09T10:52:13","date_gmt":"2016-01-09T08:52:13","guid":{"rendered":"http:\/\/www.h-hennes.fr\/blog\/?page_id=1237"},"modified":"2016-01-09T10:52:13","modified_gmt":"2016-01-09T08:52:13","slug":"plugin-suivi-de-temps-pour-mantis-bugtracker","status":"publish","type":"page","link":"https:\/\/www.h-hennes.fr\/blog\/plugin-suivi-de-temps-pour-mantis-bugtracker\/","title":{"rendered":"Plugin Suivi de temps pour Mantis Bugtracker"},"content":{"rendered":"<p>J\u2019utilise au quotidien la plateforme Mantis Bugtracker pour g\u00e9rer mes t\u00e2ches en cours, et suivre le temps pass\u00e9 sur les diff\u00e9rents projets.<\/p>\n<p>Voici\u00a0 un plugin qui permet d&rsquo;afficher les informations suivantes :<\/p>\n<ul>\n<li>Administrateur :\n<ul>\n<li>visualisation de toutes les dates d&rsquo;\u00e9ch\u00e9ances des bugs<\/li>\n<li>visualisation de toutes les actions des d\u00e9veloppeurs ( Possibilit\u00e9 de filtrer par d\u00e9veloppeur )<\/li>\n<\/ul>\n<\/li>\n<li>D\u00e9veloppeur :\n<ul>\n<li>visualisation des dates d&rsquo;\u00e9ch\u00e9ances des bugs assign\u00e9s<\/li>\n<li>visualisation de ses actions<\/li>\n<\/ul>\n<\/li>\n<\/ul>\n<p>Attention afin que le plugin soit fonctionnel il est n\u00e9cessaire d&rsquo;avoir bien activ\u00e9 les options suivantes dans votre fichier config_inc.php<\/p>\n<pre lang=\"php\">#Activation de la gestion du temps sur les bugs \r\n$g_time_tracking_enabled = ON;\r\n#Activation de la date d'\u00e9ch\u00e9ance des bugs\r\n$g_due_date_update_threshold = DEVELOPER;\r\n$g_due_date_view_threshold = REPORTER;<\/pre>\n<p>Voici un aper\u00e7u du rendu final du plugin :<\/p>\n<p><a href=\"http:\/\/i0.wp.com\/www.h-hennes.fr\/blog\/wp-content\/uploads\/2011\/08\/mantis-suvi-temps-calendrie.jpg\"><img loading=\"lazy\" decoding=\"async\" class=\"size-large wp-image-197 alignnone\" title=\"mantis-suvi-temps-calendrie\" src=\"http:\/\/i0.wp.com\/www.h-hennes.fr\/blog\/wp-content\/uploads\/2011\/08\/mantis-suvi-temps-calendrie.jpg?resize=614%2C487\" alt=\"Calendrier Mantis\" width=\"614\" height=\"487\" srcset=\"https:\/\/www.h-hennes.fr\/blog\/wp-content\/uploads\/2011\/08\/mantis-suvi-temps-calendrie.jpg 1903w, https:\/\/www.h-hennes.fr\/blog\/wp-content\/uploads\/2011\/08\/mantis-suvi-temps-calendrie-300x237.jpg 300w, https:\/\/www.h-hennes.fr\/blog\/wp-content\/uploads\/2011\/08\/mantis-suvi-temps-calendrie-1024x811.jpg 1024w\" sizes=\"auto, (max-width: 614px) 100vw, 614px\" \/><\/a><\/p>\n<p><a href=\"https:\/\/www.h-hennes.fr\/blog\/wp-content\/uploads\/2013\/04\/plugin-agenda-v2.0.jpg\"><img loading=\"lazy\" decoding=\"async\" class=\"wp-image-419 alignleft\" src=\"https:\/\/www.h-hennes.fr\/blog\/wp-content\/uploads\/2013\/04\/plugin-agenda-v2.0.jpg\" alt=\"plugin-agenda-v2.0\" width=\"600\" height=\"150\" \/><\/a><\/p>\n<p>&nbsp;<\/p>\n<p>&nbsp;<\/p>\n<p>&nbsp;<\/p>\n<p>&nbsp;<\/p>\n<p>Le module est disponible sur github :\u00a0 <a href=\"https:\/\/github.com\/nenes25\/mantisbt_agenda\">https:\/\/github.com\/nenes25\/mantisbt_agenda<\/a><\/p>\n<p>Derni\u00e8re version : <strong>0.3.0<\/strong><\/p>\n<p><strong>Changelog :<\/strong><\/p>\n<p>2014-12-18 : V 0.1.0 : Version initiale du module<br \/>\n2015-02-06 : V 0.1.1 : Optimisation traductions<br \/>\n2015-06-10 : V 0.1.2 : Gestion des traductions dans la page d&rsquo;upload et dans le javascript<br \/>\n2015-06-11 : V 0.2.0 : Mise en place d&rsquo;une page de configuration qui permets de d\u00e9finir : Nombre de fichiers maximum \u00e0 envoyer, Taille Maximum des fichiers, Extensions de fichiers autoris\u00e9s<br \/>\n2015-06-11 : V 0.2.1 : Correctifs Trads<br \/>\n2016-01-08 : V 0.3.0 :<br \/>\n&#8211; Optimisation code<br \/>\n&#8211; Mise \u00e0 jour de fullCalendar ( d\u00e9pendance g\u00e9r\u00e9e via bower)<br \/>\n&#8211; Ajout de traduction de textes dans le javascript<\/p>\n<p>Vous pouvez t\u00e9l\u00e9charger directement l&rsquo;archive ici : <a href=\"https:\/\/www.h-hennes.fr\/blog\/wp-content\/uploads\/modules\/MantisBtAgenda-lastest.zip\">MantisAgenda-latest<\/a><\/p>\n<p>&nbsp;<\/p>\n","protected":false},"excerpt":{"rendered":"<p>J\u2019utilise au quotidien la plateforme Mantis Bugtracker pour g\u00e9rer mes t\u00e2ches en cours, et suivre le temps pass\u00e9 sur les diff\u00e9rents projets. Voici\u00a0 un plugin qui permet d&rsquo;afficher les informations suivantes : Administrateur : visualisation de toutes les dates d&rsquo;\u00e9ch\u00e9ances des bugs visualisation de toutes les actions des d\u00e9veloppeurs ( Possibilit\u00e9 de filtrer par d\u00e9veloppeur [&hellip;]<\/p>\n","protected":false},"author":2,"featured_media":0,"parent":0,"menu_order":0,"comment_status":"closed","ping_status":"closed","template":"","meta":{"site-sidebar-layout":"default","site-content-layout":"","ast-site-content-layout":"default","site-content-style":"default","site-sidebar-style":"default","ast-global-header-display":"","ast-banner-title-visibility":"","ast-main-header-display":"","ast-hfb-above-header-display":"","ast-hfb-below-header-display":"","ast-hfb-mobile-header-display":"","site-post-title":"","ast-breadcrumbs-content":"","ast-featured-img":"","footer-sml-layout":"","ast-disable-related-posts":"","theme-transparent-header-meta":"","adv-header-id-meta":"","stick-header-meta":"","header-above-stick-meta":"","header-main-stick-meta":"","header-below-stick-meta":"","astra-migrate-meta-layouts":"default","ast-page-background-enabled":"default","ast-page-background-meta":{"desktop":{"background-color":"","background-image":"","background-repeat":"repeat","background-position":"center center","background-size":"auto","background-attachment":"scroll","background-type":"","background-media":"","overlay-type":"","overlay-color":"","overlay-opacity":"","overlay-gradient":""},"tablet":{"background-color":"","background-image":"","background-repeat":"repeat","background-position":"center center","background-size":"auto","background-attachment":"scroll","background-type":"","background-media":"","overlay-type":"","overlay-color":"","overlay-opacity":"","overlay-gradient":""},"mobile":{"background-color":"","background-image":"","background-repeat":"repeat","background-position":"center center","background-size":"auto","background-attachment":"scroll","background-type":"","background-media":"","overlay-type":"","overlay-color":"","overlay-opacity":"","overlay-gradient":""}},"ast-content-background-meta":{"desktop":{"background-color":"var(--ast-global-color-5)","background-image":"","background-repeat":"repeat","background-position":"center center","background-size":"auto","background-attachment":"scroll","background-type":"","background-media":"","overlay-type":"","overlay-color":"","overlay-opacity":"","overlay-gradient":""},"tablet":{"background-color":"var(--ast-global-color-5)","background-image":"","background-repeat":"repeat","background-position":"center center","background-size":"auto","background-attachment":"scroll","background-type":"","background-media":"","overlay-type":"","overlay-color":"","overlay-opacity":"","overlay-gradient":""},"mobile":{"background-color":"var(--ast-global-color-5)","background-image":"","background-repeat":"repeat","background-position":"center center","background-size":"auto","background-attachment":"scroll","background-type":"","background-media":"","overlay-type":"","overlay-color":"","overlay-opacity":"","overlay-gradient":""}},"footnotes":""},"class_list":["post-1237","page","type-page","status-publish","hentry"],"aioseo_notices":[],"_links":{"self":[{"href":"https:\/\/www.h-hennes.fr\/blog\/wp-json\/wp\/v2\/pages\/1237","targetHints":{"allow":["GET"]}}],"collection":[{"href":"https:\/\/www.h-hennes.fr\/blog\/wp-json\/wp\/v2\/pages"}],"about":[{"href":"https:\/\/www.h-hennes.fr\/blog\/wp-json\/wp\/v2\/types\/page"}],"author":[{"embeddable":true,"href":"https:\/\/www.h-hennes.fr\/blog\/wp-json\/wp\/v2\/users\/2"}],"replies":[{"embeddable":true,"href":"https:\/\/www.h-hennes.fr\/blog\/wp-json\/wp\/v2\/comments?post=1237"}],"version-history":[{"count":3,"href":"https:\/\/www.h-hennes.fr\/blog\/wp-json\/wp\/v2\/pages\/1237\/revisions"}],"predecessor-version":[{"id":1240,"href":"https:\/\/www.h-hennes.fr\/blog\/wp-json\/wp\/v2\/pages\/1237\/revisions\/1240"}],"wp:attachment":[{"href":"https:\/\/www.h-hennes.fr\/blog\/wp-json\/wp\/v2\/media?parent=1237"}],"curies":[{"name":"wp","href":"https:\/\/api.w.org\/{rel}","templated":true}]}}